{"id":19,"date":"2020-10-26T01:29:37","date_gmt":"2020-10-26T01:29:37","guid":{"rendered":"https:\/\/meintueroeffner.de\/?page_id=19"},"modified":"2023-01-25T10:42:15","modified_gmt":"2023-01-25T10:42:15","slug":"einsatzbereiche","status":"publish","type":"page","link":"https:\/\/meintueroeffner.de\/index.php\/einsatzbereiche\/","title":{"rendered":"Einsatzbereiche &#8211; Unsere Servicebereich"},"content":{"rendered":"<p>[vc_row][vc_column]<div id=\"ultimate-heading-844969e01810a5f2e\" class=\"uvc-heading ult-adjust-bottom-margin ultimate-heading-844969e01810a5f2e uvc-8220  uvc-heading-default-font-sizes\" data-hspacer=\"no_spacer\"  data-halign=\"left\" style=\"text-align:left\"><div class=\"uvc-heading-spacer no_spacer\" style=\"top\"><\/div><div class=\"uvc-main-heading ult-responsive\"  data-ultimate-target='.uvc-heading.ultimate-heading-844969e01810a5f2e h2'  data-responsive-json-new='{\"font-size\":\"\",\"line-height\":\"\"}' ><h2 style=\"--font-weight:theme;\">T\u00fcr\u00f6ffnung in ihre n\u00e4he<\/h2><\/div><\/div>[vc_empty_space][vc_column_text]Es ist nicht schlimm, wenn man sich mal aussperrt. Der meintueroeffner.de \u00f6ffnet Ihnen die T\u00fcr schnell und unkompliziert. Alle Informationen \u00fcber unseren Service und Leistungsumfang sowie unser Einsatzbereiche finden Sie nachfolgend.<\/p>\n<p>Neben der Standard\u00f6ffnung von T\u00fcren betreuen wir Sie auch im Falle einer Entriegelung von Tresoren, Autos, Schr\u00e4nken und vielen weiteren Objekten. Daneben z\u00e4hlt auch der passende Einbruchsschutz und geeignete Sicherheitstechnik zu unserem Portfolio.[\/vc_column_text][\/vc_column][\/vc_row][vc_row][vc_column]<div id=\"ultimate-heading-775669e01810a5f69\" class=\"uvc-heading ult-adjust-bottom-margin ultimate-heading-775669e01810a5f69 uvc-358  uvc-heading-default-font-sizes\" data-hspacer=\"no_spacer\"  data-halign=\"left\" style=\"text-align:left\"><div class=\"uvc-heading-spacer no_spacer\" style=\"top\"><\/div><div class=\"uvc-main-heading ult-responsive\"  data-ultimate-target='.uvc-heading.ultimate-heading-775669e01810a5f69 h2'  data-responsive-json-new='{\"font-size\":\"\",\"line-height\":\"\"}' ><h2 style=\"--font-weight:theme;\">Einsatzbereiche - Was leisten wir der Mein T\u00fcr\u00f6ffner?<\/h2><\/div><\/div>[vc_empty_space][vc_row_inner][vc_column_inner width=&#8220;1\/2&#8243;][vc_single_image image=&#8220;108&#8243; img_size=&#8220;full&#8220; alignment=&#8220;center&#8220; image_hovers=&#8220;false&#8220;][\/vc_column_inner][vc_column_inner width=&#8220;1\/2&#8243;][vc_column_text]Sie brauchen einen Schl\u00fcsseldienst? Dann haben Sie die Auswahl zwischen vielen Anbietern und Dienstleistern.<\/p>\n<p>Die Leistungen der Schl\u00fcsseldienste kann rund um die Uhr, 24 Stunden lang, in Anspruch genommen werden.<\/p>\n<p>Nicht selten verlassen Personen ihr Haus, ohne den Schl\u00fcssel in der Tasche. Die Hauptaufgabe eines Schl\u00fcsseldienstes ist es, die verschlossenen Haus- oder Eingangst\u00fcren zu \u00f6ffnen.[\/vc_column_text][\/vc_column_inner][\/vc_row_inner][vc_column_text]Gibt es keinen Zugang \u00fcber eine offenstehende Terrassent\u00fcr oder einen Kellereingang so wird meist ein Schl\u00fcsseldienst gerufen. Dieser \u00f6ffnet Ihre T\u00fcr mittels fachgerechtem Spezialwerkzeug und erm\u00f6glicht Ihnen den Einritt. Dies dauert nur wenige Sekunden.<\/p>\n<p>Durch den Einsatz des Spezialwerkzeuges und die Erfahrung unserer Mitarbeiter wird Ihre T\u00fcr oder Ihr Schloss dabei nicht besch\u00e4digt. Im Anschluss l\u00e4sst sich die T\u00fcr problemlos bet\u00e4tigen. Wir sind auch in der Lage verschlossene Fenster und schl\u00fcssellose T\u00fcren innerhalb einer Wohnung ohne M\u00fchen zu \u00f6ffnen. Lediglich zu den Nachtzeiten wird h\u00e4ufig ein etwas h\u00f6herer Betrag in Folge eines Nachtzuschlages gew\u00e4hrt.<\/p>\n<p>Wir halten die Kosten f\u00fcr die Leistungen immer gering und garantieren Ihnen die volle Transparenz. Wir stehen Ihnen jederzeit zur Verf\u00fcgung.[\/vc_column_text][\/vc_column][\/vc_row][vc_row][vc_column]<div id=\"ultimate-heading-963469e01810a5f97\" class=\"uvc-heading ult-adjust-bottom-margin ultimate-heading-963469e01810a5f97 uvc-9149  uvc-heading-default-font-sizes\" data-hspacer=\"no_spacer\"  data-halign=\"left\" style=\"text-align:left\"><div class=\"uvc-heading-spacer no_spacer\" style=\"top\"><\/div><div class=\"uvc-main-heading ult-responsive\"  data-ultimate-target='.uvc-heading.ultimate-heading-963469e01810a5f97 h2'  data-responsive-json-new='{\"font-size\":\"\",\"line-height\":\"\"}' ><h2 style=\"--font-weight:theme;\">In welchen Stadtteilen gibt es die T\u00fcr\u00f6ffnung?<\/h2><\/div><\/div>[vc_empty_space][vc_row_inner][vc_column_inner width=&#8220;1\/2&#8243;][vc_single_image image=&#8220;110&#8243; img_size=&#8220;full&#8220; alignment=&#8220;center&#8220; image_hovers=&#8220;false&#8220;][\/vc_column_inner][vc_column_inner width=&#8220;1\/2&#8243;][vc_column_text]Die Fachkr\u00e4fte von meintueroeffner.de arbeiten in folgenden Bereichen:<a href=\"https:\/\/meintueroeffner.de\/index.php\/schlusseldienst-helfer-witten\/schlusseldienst-witten\/\">\u00a0Witten<\/a>,\u00a0<a href=\"https:\/\/meintueroeffner.de\/index.php\/schlusseldienst-helfer-dortmund\/schlusseldienst-dortmund\/\">Dortmund<\/a>, <a href=\"https:\/\/meintueroeffner.de\/index.php\/schlusseldienst-helfer-bochum\/schlusseldienst-bochum\/\">Bochum<\/a>, <a href=\"https:\/\/meintueroeffner.de\/index.php\/schlusseldienst-helfer-hagen\/schlusseldienst-hagen\/\">Hagen<\/a> und dar\u00fcber hinaus.\u00a0<a href=\"https:\/\/meintueroeffner.de\/index.php\/schlusseldienst\/\">Hier geht\u2019s zum Schl\u00fcsselnotdienst.<\/a>[\/vc_column_text][\/vc_column_inner][\/vc_row_inner][\/vc_column][\/vc_row][vc_row][vc_column]<div id=\"ultimate-heading-317569e01810a5fbb\" class=\"uvc-heading ult-adjust-bottom-margin ultimate-heading-317569e01810a5fbb uvc-2522  uvc-heading-default-font-sizes\" data-hspacer=\"no_spacer\"  data-halign=\"center\" style=\"text-align:center\"><div class=\"uvc-heading-spacer no_spacer\" style=\"top\"><\/div><div class=\"uvc-main-heading ult-responsive\"  data-ultimate-target='.uvc-heading.ultimate-heading-317569e01810a5fbb h2'  data-responsive-json-new='{\"font-size\":\"\",\"line-height\":\"\"}' ><h2 style=\"--font-weight:theme;\">Leistungen und Service vom Schl\u00fcsseldienst:<\/h2><\/div><\/div>[vc_empty_space]<div class=\"standard-arrow bullet-top\"><ul>\n<li>Garantiert in 20-40 Minuten innerhalb vor Ort<\/li>\n<li>Zu 99% ohne Besch\u00e4digung bei T\u00fcr\u00f6ffnungen<\/li>\n<li>Notdienst ist rund um die Uhr erreichbar (24\/7)<\/li>\n<li>Sehr <a href=\"https:\/\/meintueroeffner.de\/index.php\/preise\/\"><strong>g\u00fcnstige Preise <\/strong><\/a>f\u00fcr \u00d6ffnung von T\u00fcren<\/li>\n<li>Garantiert transparent und vertrauensw\u00fcrdig<\/li>\n<\/ul>\n<\/div>[vc_empty_space height=&#8220;25&#8243;]<div class=\"standard-arrow bullet-top\"><ul>\n<li>T\u00fcr\u00f6ffnung\u00a0(Wohnung, Haus, Wohngemeinschaften etc.)<\/li>\n<li>Einbruchschutz und Sicherheitstechnik Beratungen<\/li>\n<li>Auto\u00f6ffnungen (Alle Marken)<\/li>\n<li>G\u00fcnstige Marken Schl\u00f6sser und Zylinder<\/li>\n<\/ul>\n<\/div>[vc_empty_space height=&#8220;25&#8243;]<div class=\"standard-arrow bullet-top\"><ul>\n<li>Anfertigung von Ersatzschl\u00fcsseln<\/li>\n<li>Schutzbeschl\u00e4ge<\/li>\n<li>Erneuerung von Schlie\u00dfanlage<\/li>\n<\/ul>\n<\/div>[\/vc_column][\/vc_row]<\/p>\n","protected":false},"excerpt":{"rendered":"<p>[vc_row][vc_column][vc_empty_space][vc_column_text]Es ist nicht schlimm, wenn man sich mal aussperrt. Der meintueroeffner.de \u00f6ffnet Ihnen die T\u00fcr schnell und unkompliziert. Alle Informationen \u00fcber unseren Service und Leistungsumfang sowie unser Einsatzbereiche finden Sie nachfolgend. Neben der Standard\u00f6ffnung von T\u00fcren betreuen wir Sie auch im Falle einer Entriegelung von Tresoren, Autos, Schr\u00e4nken und vielen weiteren Objekten. Daneben z\u00e4hlt auch&hellip;<\/p>\n","protected":false},"author":2,"featured_media":0,"parent":0,"menu_order":0,"comment_status":"closed","ping_status":"closed","template":"","meta":[],"yoast_head":"<!-- This site is optimized with the Yoast SEO plugin v19.8 - https:\/\/yoast.com\/wordpress\/plugins\/seo\/ -->\n<title>Einsatzbereiche - Unsere Servicebereich - Mein T\u00fcr\u00f6ffner<\/title>\n<meta name=\"description\" content=\"Qualifizierter Schl\u00fcsseldienst \u2705 Kontakt: \u260e 020830994875 \u2705 T\u00fcr\u00f6ffnung \u2705 Auto\u00f6ffnung \u2705 Einbruchschutz \u2705 Tresor\u00f6ffnung\" \/>\n<meta name=\"robots\" content=\"index, follow, max-snippet:-1, max-image-preview:large, max-video-preview:-1\" \/>\n<link rel=\"canonical\" href=\"https:\/\/meintueroeffner.de\/index.php\/einsatzbereiche\/\" \/>\n<meta property=\"og:locale\" content=\"de_DE\" \/>\n<meta property=\"og:type\" content=\"article\" \/>\n<meta property=\"og:title\" content=\"Einsatzbereiche - Unsere Servicebereich - Mein T\u00fcr\u00f6ffner\" \/>\n<meta property=\"og:description\" content=\"Qualifizierter Schl\u00fcsseldienst \u2705 Kontakt: \u260e 020830994875 \u2705 T\u00fcr\u00f6ffnung \u2705 Auto\u00f6ffnung \u2705 Einbruchschutz \u2705 Tresor\u00f6ffnung\" \/>\n<meta property=\"og:url\" content=\"https:\/\/meintueroeffner.de\/index.php\/einsatzbereiche\/\" \/>\n<meta property=\"og:site_name\" content=\"Mein T\u00fcr\u00f6ffner\" \/>\n<meta property=\"article:modified_time\" content=\"2023-01-25T10:42:15+00:00\" \/>\n<meta name=\"twitter:card\" content=\"summary_large_image\" \/>\n<meta name=\"twitter:label1\" content=\"Gesch\u00e4tzte Lesezeit\" \/>\n\t<meta name=\"twitter:data1\" content=\"2\u00a0Minuten\" \/>\n<script type=\"application\/ld+json\" class=\"yoast-schema-graph\">{\"@context\":\"https:\/\/schema.org\",\"@graph\":[{\"@type\":\"WebPage\",\"@id\":\"https:\/\/meintueroeffner.de\/index.php\/einsatzbereiche\/\",\"url\":\"https:\/\/meintueroeffner.de\/index.php\/einsatzbereiche\/\",\"name\":\"Einsatzbereiche - Unsere Servicebereich - Mein T\u00fcr\u00f6ffner\",\"isPartOf\":{\"@id\":\"https:\/\/meintueroeffner.de\/#website\"},\"datePublished\":\"2020-10-26T01:29:37+00:00\",\"dateModified\":\"2023-01-25T10:42:15+00:00\",\"description\":\"Qualifizierter Schl\u00fcsseldienst \u2705 Kontakt: \u260e 020830994875 \u2705 T\u00fcr\u00f6ffnung \u2705 Auto\u00f6ffnung \u2705 Einbruchschutz \u2705 Tresor\u00f6ffnung\",\"breadcrumb\":{\"@id\":\"https:\/\/meintueroeffner.de\/index.php\/einsatzbereiche\/#breadcrumb\"},\"inLanguage\":\"de-DE\",\"potentialAction\":[{\"@type\":\"ReadAction\",\"target\":[\"https:\/\/meintueroeffner.de\/index.php\/einsatzbereiche\/\"]}]},{\"@type\":\"BreadcrumbList\",\"@id\":\"https:\/\/meintueroeffner.de\/index.php\/einsatzbereiche\/#breadcrumb\",\"itemListElement\":[{\"@type\":\"ListItem\",\"position\":1,\"name\":\"Home\",\"item\":\"https:\/\/meintueroeffner.de\/\"},{\"@type\":\"ListItem\",\"position\":2,\"name\":\"Einsatzbereiche &#8211; Unsere Servicebereich\"}]},{\"@type\":\"WebSite\",\"@id\":\"https:\/\/meintueroeffner.de\/#website\",\"url\":\"https:\/\/meintueroeffner.de\/\",\"name\":\"Mein T\u00fcr\u00f6ffner\",\"description\":\"\",\"potentialAction\":[{\"@type\":\"SearchAction\",\"target\":{\"@type\":\"EntryPoint\",\"urlTemplate\":\"https:\/\/meintueroeffner.de\/?s={search_term_string}\"},\"query-input\":\"required name=search_term_string\"}],\"inLanguage\":\"de-DE\"}]}<\/script>\n<!-- \/ Yoast SEO plugin. -->","yoast_head_json":{"title":"Einsatzbereiche - Unsere Servicebereich - Mein T\u00fcr\u00f6ffner","description":"Qualifizierter Schl\u00fcsseldienst \u2705 Kontakt: \u260e 020830994875 \u2705 T\u00fcr\u00f6ffnung \u2705 Auto\u00f6ffnung \u2705 Einbruchschutz \u2705 Tresor\u00f6ffnung","robots":{"index":"index","follow":"follow","max-snippet":"max-snippet:-1","max-image-preview":"max-image-preview:large","max-video-preview":"max-video-preview:-1"},"canonical":"https:\/\/meintueroeffner.de\/index.php\/einsatzbereiche\/","og_locale":"de_DE","og_type":"article","og_title":"Einsatzbereiche - Unsere Servicebereich - Mein T\u00fcr\u00f6ffner","og_description":"Qualifizierter Schl\u00fcsseldienst \u2705 Kontakt: \u260e 020830994875 \u2705 T\u00fcr\u00f6ffnung \u2705 Auto\u00f6ffnung \u2705 Einbruchschutz \u2705 Tresor\u00f6ffnung","og_url":"https:\/\/meintueroeffner.de\/index.php\/einsatzbereiche\/","og_site_name":"Mein T\u00fcr\u00f6ffner","article_modified_time":"2023-01-25T10:42:15+00:00","twitter_card":"summary_large_image","twitter_misc":{"Gesch\u00e4tzte Lesezeit":"2\u00a0Minuten"},"schema":{"@context":"https:\/\/schema.org","@graph":[{"@type":"WebPage","@id":"https:\/\/meintueroeffner.de\/index.php\/einsatzbereiche\/","url":"https:\/\/meintueroeffner.de\/index.php\/einsatzbereiche\/","name":"Einsatzbereiche - Unsere Servicebereich - Mein T\u00fcr\u00f6ffner","isPartOf":{"@id":"https:\/\/meintueroeffner.de\/#website"},"datePublished":"2020-10-26T01:29:37+00:00","dateModified":"2023-01-25T10:42:15+00:00","description":"Qualifizierter Schl\u00fcsseldienst \u2705 Kontakt: \u260e 020830994875 \u2705 T\u00fcr\u00f6ffnung \u2705 Auto\u00f6ffnung \u2705 Einbruchschutz \u2705 Tresor\u00f6ffnung","breadcrumb":{"@id":"https:\/\/meintueroeffner.de\/index.php\/einsatzbereiche\/#breadcrumb"},"inLanguage":"de-DE","potentialAction":[{"@type":"ReadAction","target":["https:\/\/meintueroeffner.de\/index.php\/einsatzbereiche\/"]}]},{"@type":"BreadcrumbList","@id":"https:\/\/meintueroeffner.de\/index.php\/einsatzbereiche\/#breadcrumb","itemListElement":[{"@type":"ListItem","position":1,"name":"Home","item":"https:\/\/meintueroeffner.de\/"},{"@type":"ListItem","position":2,"name":"Einsatzbereiche &#8211; Unsere Servicebereich"}]},{"@type":"WebSite","@id":"https:\/\/meintueroeffner.de\/#website","url":"https:\/\/meintueroeffner.de\/","name":"Mein T\u00fcr\u00f6ffner","description":"","potentialAction":[{"@type":"SearchAction","target":{"@type":"EntryPoint","urlTemplate":"https:\/\/meintueroeffner.de\/?s={search_term_string}"},"query-input":"required name=search_term_string"}],"inLanguage":"de-DE"}]}},"_links":{"self":[{"href":"https:\/\/meintueroeffner.de\/index.php\/wp-json\/wp\/v2\/pages\/19"}],"collection":[{"href":"https:\/\/meintueroeffner.de\/index.php\/wp-json\/wp\/v2\/pages"}],"about":[{"href":"https:\/\/meintueroeffner.de\/index.php\/wp-json\/wp\/v2\/types\/page"}],"author":[{"embeddable":true,"href":"https:\/\/meintueroeffner.de\/index.php\/wp-json\/wp\/v2\/users\/2"}],"replies":[{"embeddable":true,"href":"https:\/\/meintueroeffner.de\/index.php\/wp-json\/wp\/v2\/comments?post=19"}],"version-history":[{"count":17,"href":"https:\/\/meintueroeffner.de\/index.php\/wp-json\/wp\/v2\/pages\/19\/revisions"}],"predecessor-version":[{"id":479,"href":"https:\/\/meintueroeffner.de\/index.php\/wp-json\/wp\/v2\/pages\/19\/revisions\/479"}],"wp:attachment":[{"href":"https:\/\/meintueroeffner.de\/index.php\/wp-json\/wp\/v2\/media?parent=19"}],"curies":[{"name":"wp","href":"https:\/\/api.w.org\/{rel}","templated":true}]}}